{"id":6,"date":"2006-02-05T22:01:16","date_gmt":"2006-02-05T21:01:16","guid":{"rendered":"https:\/\/www.canal-literatura.es\/3certamen\/?page_id=6"},"modified":"2006-02-24T14:52:44","modified_gmt":"2006-02-24T13:52:44","slug":"jurado","status":"publish","type":"page","link":"https:\/\/www.canal-literatura.es\/3certamen\/?page_id=6","title":{"rendered":"Jurado"},"content":{"rendered":"<p><strong>\u00a0Rosa Reg\u00e0s .<br \/>\n<\/strong>\u00a0<a href=\"https:\/\/www.canal-literatura.es\/Rosa_Regas\/Rosa_Regas_Combi.htm\" target=\"_blank\">Escritora. Directora de la Biblioteca Nacional<\/a><\/p>\n<p><strong>Jos\u00e9 Belmonte Serrano <\/strong><strong><br \/>\n<\/strong>\u00a0<a href=\"https:\/\/www.canal-literatura.es\/Jose_belmonte_serrano.html\" target=\"_blank\">(Profesor de literatura en la Universidad de Murcia y critico literario el diario \u00abLa Verdad\u00bb.)<\/a><\/p>\n<p>\u00a0<strong>Ana Mar\u00eda Tom\u00e1s <\/strong><strong><br \/>\n<\/strong><a href=\"https:\/\/www.canal-literatura.es\/Ana_Maria%20_Tomas_olivares.html\" target=\"_blank\">(Escritora y columnista del diario La Verdad de Murcia.)<\/a><\/p>\n<p><strong>\u00a0Pablo P\u00e9rez L\u00f3pez<\/strong><br \/>\n<a href=\"https:\/\/www.canal-literatura.es\/Pablo_Perez.html\" target=\"_blank\">\u00a0(Jefe de estudios y profesor de Escuela de Escritores Alonso Quijano y director de l&#8217;Escola d&#8217;Escriptura i Humanitats de l&#8217;Ateneu Barcelon\u00e8s.)<\/a><\/p>\n<p><strong>Jos\u00e9 Antonio Hern\u00e1ndez<\/strong><br \/>\n<a href=\"https:\/\/www.canal-literatura.es\/hernandez.html\" target=\"_blank\">\u00a0(Licenciado en hisp\u00e1nicas. Licenciado en Filolog\u00eda inglesa y profesor de Secundaria del Colegio Jes\u00fas-Mar\u00eda de Murcia.)<\/a><\/p>\n<p><strong>Maria Luisa N\u00fa\u00f1ez<\/strong><br \/>\n<a href=\"https:\/\/www.canal-literatura.es\/modules.php?name=News&#038;file=article&#038;sid=155&#038;mode=&#038;order=0&#038;thold=0\" target=\"_blank\">(Presidenta de la Asociaci\u00f3n Canal Literatura)<\/a><\/p>\n<p><strong>El grupo de lectura<\/strong>\u00a0 est\u00e1 compuesto por usuarios del canal literatura, miembros de la Asociaci\u00f3n Canal literatura, profesores lincenciados en Hispanicas y las personas designadas por las escuelas de escritores \u00abAlonso Quijano\u00bb y\u00a0<u><font color=\"#0000ff\"> l&#8217;Escola d&#8217;Escriptura i Humanitats de l&#8217;Ateneu Barcelon\u00e8s. <\/font><\/u><\/p>\n","protected":false},"excerpt":{"rendered":"<p>\u00a0Rosa Reg\u00e0s . \u00a0Escritora. Directora de la Biblioteca Nacional Jos\u00e9 Belmonte Serrano \u00a0(Profesor de literatura en la Universidad de Murcia y critico literario el diario \u00abLa Verdad\u00bb.) \u00a0Ana Mar\u00eda Tom\u00e1s (Escritora y columnista del diario La Verdad de Murcia.) \u00a0Pablo P\u00e9rez L\u00f3pez \u00a0(Jefe de estudios y profesor de Escuela de Escritores Alonso Quijano y director [&hellip;]<\/p>\n","protected":false},"author":1,"featured_media":0,"parent":0,"menu_order":0,"comment_status":"open","ping_status":"open","template":"jurado.php","meta":[],"_links":{"self":[{"href":"https:\/\/www.canal-literatura.es\/3certamen\/index.php?rest_route=\/wp\/v2\/pages\/6"}],"collection":[{"href":"https:\/\/www.canal-literatura.es\/3certamen\/index.php?rest_route=\/wp\/v2\/pages"}],"about":[{"href":"https:\/\/www.canal-literatura.es\/3certamen\/index.php?rest_route=\/wp\/v2\/types\/page"}],"author":[{"embeddable":true,"href":"https:\/\/www.canal-literatura.es\/3certamen\/index.php?rest_route=\/wp\/v2\/users\/1"}],"replies":[{"embeddable":true,"href":"https:\/\/www.canal-literatura.es\/3certamen\/index.php?rest_route=%2Fwp%2Fv2%2Fcomments&post=6"}],"version-history":[{"count":0,"href":"https:\/\/www.canal-literatura.es\/3certamen\/index.php?rest_route=\/wp\/v2\/pages\/6\/revisions"}],"wp:attachment":[{"href":"https:\/\/www.canal-literatura.es\/3certamen\/index.php?rest_route=%2Fwp%2Fv2%2Fmedia&parent=6"}],"curies":[{"name":"wp","href":"https:\/\/api.w.org\/{rel}","templated":true}]}}