{"id":15,"date":"2010-03-22T10:31:59","date_gmt":"2010-03-22T08:31:59","guid":{"rendered":"https:\/\/www.canal-literatura.es\/7certamen\/?page_id=15"},"modified":"2010-05-10T11:27:44","modified_gmt":"2010-05-10T09:27:44","slug":"prensa-blog","status":"publish","type":"page","link":"https:\/\/www.canal-literatura.es\/7certamen\/?page_id=15","title":{"rendered":"Prensa-Blog"},"content":{"rendered":"<p>Si te haces eco de esta convocatoria mandanos un correo a <a href=\"mailto:admin@anal-literatura.com\">admin@canal-literatura.com<\/a> \u00a0y te a\u00f1adiremos a esta p\u00e1gina.<\/p>\n<p style=\"text-align: center;\">Laura Borr\u00e0s presidenta del VII Certamen<a href=\"https:\/\/www.laverdad.es\/murcia\/ocio\/laura-borras-presidira-jurado-201004081122.html\" target=\"New\"><img decoding=\"async\" loading=\"lazy\" class=\"aligncenter\" title=\"La verdad.es\" src=\"https:\/\/www.canal-literatura.es\/themes\/3D-Fantasy\/images\/header\/logo_laverdad.gif\" alt=\"\" width=\"171\" height=\"33\" \/><\/a><\/p>\n<p style=\"text-align: center;\"><a href=\"https:\/\/www.noticiascadadia.com\/noticia\/24292-laura-borras-presidira-el-jurado-del-vii-certamen-de-narrativa-breve-que-convocara-este\/\" target=\"_blank\"><img decoding=\"async\" loading=\"lazy\" class=\"aligncenter\" title=\"Noticiascadadia.com\" src=\"https:\/\/www.canal-literatura.es\/banner\/noticiascadadia.jpg\" alt=\"\" width=\"300\" height=\"48\" \/><\/a><\/p>\n<p style=\"text-align: center;\"><a href=\"https:\/\/www.irc-hispano.es\/salaprensa\/31-prensa\/377-laura-borras-presidira-el-jurado-del-vii-certamen-de-narrativa-breve-que-convocara-este-mes-la-asociacion-canal-literatura\" target=\"_blank\"><strong><img decoding=\"async\" src=\"https:\/\/www.canal-literatura.es\/banner\/Hispano.jpg\" border=\"0\" alt=\"\" width=\"140\" \/> <\/strong><\/a><br \/>\nPincha en la imagen para acceder.<\/p>\n<h2 style=\"text-align: center;\"><a href=\"https:\/\/felisamorenoortega.blogspot.com\/\" target=\"_blank\">El sue\u00f1o de las palabras<\/a><\/h2>\n<p style=\"text-align: center;\"><img decoding=\"async\" loading=\"lazy\" class=\"alignnone\" title=\"Felix Maocho Lanes\" src=\"https:\/\/felixmaocho.files.wordpress.com\/2009\/11\/gravatar-felix-maocho-21.jpg?w=35&amp;h=40&amp;h=40\" alt=\"Felix Maocho Lanes\" width=\"35\" height=\"35\" \/><a href=\"https:\/\/felixmaocho.wordpress.com\/2010\/04\/15\/arte-digital-canal-literatura-cumple-10-anos\/\" target=\"_blank\">Felix Maocho- <\/a><br \/>\nPincha en la imagen para ver el art\u00edculo sobre el\u00a0Canal Literatura y el VII Ceretamen de Narrativa Breve\u00a0<\/p>\n<h2 style=\"text-align: center;\"><a href=\"https:\/\/s301224235.mialojamiento.es\/2010\/04\/21\/laura-borras-presidira-el-jurado-del-vii-certamen-de-narrativa-breve-que-convocara-este-mes-la-asociacion-canal-literatura\/\" target=\"_blank\">A Contrapelo<\/a><\/h2>\n<h2><a href=\"https:\/\/www.buscaconcurso.com:80\/2175.html\"><img decoding=\"async\" style=\"border: 0px;\" title=\"Buscaconcurso.com\" src=\"https:\/\/www.canal-literatura.es\/banner\/buscaconcurso-banner.jpg\" border=\"0\" alt=\"Buscador de concursos\" width=\"130\" \/><\/a>\u00a0\u00a0\u00a0\u00a0\u00a0\u00a0\u00a0\u00a0\u00a0\u00a0\u00a0\u00a0\u00a0\u00a0\u00a0\u00a0 <a href=\"https:\/\/lanarrativabreve.blogspot.com\/2010\/04\/certamen-de-narrativa-breve-de-la.html\" target=\"_blank\">Narrativa \u00a0BREVE<\/a><\/h2>\n<h2 style=\"text-align: center;\"><a href=\"https:\/\/www.guiadeconcursos.com\/Concursos\/?p=1697\" target=\"_blank\">Guia de concursos\u00a0literarios<\/a><\/h2>\n","protected":false},"excerpt":{"rendered":"<p>Si te haces eco de esta convocatoria mandanos un correo a admin@canal-literatura.com \u00a0y te a\u00f1adiremos a esta p\u00e1gina. Laura Borr\u00e0s presidenta del VII Certamen Pincha en la imagen para acceder. El sue\u00f1o de las palabras Felix Maocho- Pincha en la imagen para ver el art\u00edculo sobre el\u00a0Canal Literatura y el VII Ceretamen de Narrativa Breve\u00a0 [&hellip;]<\/p>\n","protected":false},"author":1,"featured_media":0,"parent":0,"menu_order":5,"comment_status":"closed","ping_status":"open","template":"","meta":[],"amp_enabled":true,"_links":{"self":[{"href":"https:\/\/www.canal-literatura.es\/7certamen\/index.php?rest_route=\/wp\/v2\/pages\/15"}],"collection":[{"href":"https:\/\/www.canal-literatura.es\/7certamen\/index.php?rest_route=\/wp\/v2\/pages"}],"about":[{"href":"https:\/\/www.canal-literatura.es\/7certamen\/index.php?rest_route=\/wp\/v2\/types\/page"}],"author":[{"embeddable":true,"href":"https:\/\/www.canal-literatura.es\/7certamen\/index.php?rest_route=\/wp\/v2\/users\/1"}],"replies":[{"embeddable":true,"href":"https:\/\/www.canal-literatura.es\/7certamen\/index.php?rest_route=%2Fwp%2Fv2%2Fcomments&post=15"}],"version-history":[{"count":0,"href":"https:\/\/www.canal-literatura.es\/7certamen\/index.php?rest_route=\/wp\/v2\/pages\/15\/revisions"}],"wp:attachment":[{"href":"https:\/\/www.canal-literatura.es\/7certamen\/index.php?rest_route=%2Fwp%2Fv2%2Fmedia&parent=15"}],"curies":[{"name":"wp","href":"https:\/\/api.w.org\/{rel}","templated":true}]}}