{"id":22,"date":"2011-05-16T12:18:24","date_gmt":"2011-05-16T10:18:24","guid":{"rendered":"http:\/\/www.canal-literatura.es\/8certamen\/?page_id=22"},"modified":"2011-09-28T20:44:47","modified_gmt":"2011-09-28T18:44:47","slug":"premio-del-publico","status":"publish","type":"page","link":"https:\/\/www.canal-literatura.es\/8certamen\/premio-del-publico\/","title":{"rendered":"Premio del p\u00fablico &#8211; Ganadores"},"content":{"rendered":"<div>Los ganadores ex ecuo de este Premio especial que otorgan los lectores y concursantes del certamen de esta octava edici\u00f3n 2011 \u00a0son :<\/div>\n<h2 style=\"text-align: center;\"><strong>Rafael Borr\u00e0s Avi\u00f1o<\/strong><\/h2>\n<p style=\"text-align: center;\"><strong><a title=\"Permanent Link to 15- Bengasi, mayo de 2011. Por Rafael\" rel=\"bookmark\" href=\"https:\/\/www.canal-literatura.es\/8certamen\/?p=243\">15- Bengasi, mayo de 2011. Por Rafael <\/a><\/strong><\/p>\n<div style=\"width: 210px\" class=\"wp-caption aligncenter\"><img loading=\"lazy\" decoding=\"async\" title=\"Rafael Borr\u00e1s Avi\u00f1o \" src=\"https:\/\/www.canal-literatura.es\/8certamen\/finalistas\/RafaelBorras.jpg\" alt=\"Rafael Borr\u00e1s Avi\u00f1o \" width=\"200\" height=\"200\" \/><p class=\"wp-caption-text\">Rafael Borr\u00e1s Avi\u00f1o (Valencia - Espa\u00f1a)<\/p><\/div>\n<p style=\"text-align: center;\">&nbsp;<\/p>\n<p style=\"text-align: left;\">Esta vez decid\u00ed llamarme \u201cRafael\u201d por fidelidad a mi madre, que fue quien me lo impuso despu\u00e9s de darle yo la noche. El a\u00f1o pasado me tach\u00f3 de exc\u00e9ntrico cuando supo de mi seud\u00f3nimo: \u201cLuc\u201d. Le sonaba a perro de lanas. A desvar\u00edo estrafalario.<br \/>\nPorque \u201cRafael\u201d y \u201cLuc\u201d somos el mismo, como alguien ha intuido (quien no quiera dejar rastros que ni hable ni escriba ni salga de casa). El mismo \u201cLuc\u201d del que hay colgada una <a href=\"http:\/\/www.canal-literatura.es\/Cosas_nuestras\/LUC-RafaelBorras.html\" target=\"_blank\">entrevista como tertuliano destacado del 2010<\/a>. As\u00ed que no quiero repetirme aqu\u00ed; muchas cosas dije entonces y todas a\u00fan vigentes. Sigo viviendo gracias a la profesi\u00f3n de boticario, en el mismo lugar y con la misma familia, casado y padre de tres hijos.<br \/>\nEnv\u00edo textos a cert\u00e1menes desde hace poco y he ganado alguno. Celebr\u00e9 especialmente el de guiones de teatro radiof\u00f3nico en valenciano, convocado por la cadena p\u00fablica RTVV. Fui finalista en alg\u00fan otro y pas\u00e9 sin ruido por la mayor\u00eda. Mi primera novela, todav\u00eda a medio cocer, espera paciente un futuro con menos responsabilidades. El d\u00eda de la foto, este mismo mes de septiembre, se cumplieron sesenta veranos desde que nac\u00ed en Manises (Valencia). La del a\u00f1o pasado proviene de mi otra peripecia altruista, el ciclismo, y me la sacaron el 2009 en la cima del Tourmalet. El rato diario de pedaleo es, entre otras cosas, una f\u00e9rtil matriz de gestar y madurar ideas para escribir. Horas tranquilas, pac\u00edficas: el s\u00fammum del tiempo propio.<br \/>\n\u201cBengasi,\u2026\u201d ha sido el tercer relato para Canal-Literatura y el primero de corte rocoso. Mi formaci\u00f3n es cient\u00edfica, pero mantengo la rutina tenaz de leer y escribir literatura. Ambas tareas me provocan una satisfacci\u00f3n arm\u00f3nica y noble, y, adem\u00e1s, para m\u00ed son magia pura, ant\u00eddotos certeros contra los venenos y penalidades de una sociedad bastante desnortada. As\u00ed que no ser\u00e1 el \u00faltimo.<br \/>\nRepito la enhorabuena a los organizadores; una abnegaci\u00f3n de rango colosal. Gracias, siempre, a ellos y a mis compa\u00f1eros de la dorada tribu de la Letra Escrita.<\/p>\n<p style=\"text-align: left;\">&nbsp;<\/p>\n<h2 style=\"text-align: center;\"><strong>\u00c1ngel Guardiola G\u00f3mez<\/strong><\/h2>\n<p style=\"text-align: center;\"><a title=\"Permanent Link to 175- El Secreto de Mademoiselle. Por Ambrose Bierce\" rel=\"bookmark\" href=\"https:\/\/www.canal-literatura.es\/8certamen\/?p=1162\">175- El Secreto de Mademoiselle. Por Ambrose Bierce <\/a><\/p>\n<h2 class=\"mceTemp mceIEcenter\"><\/h2>\n<div style=\"width: 211px\" class=\"wp-caption aligncenter\"><img loading=\"lazy\" decoding=\"async\" title=\"\u00c1ngel Guardiola G\u00f3mez\" src=\"https:\/\/www.canal-literatura.es\/8certamen\/finalistas\/AngelGuardiola.jpg\" alt=\"\u00c1ngel Guardiola G\u00f3mez\" width=\"201\" height=\"200\" \/><p class=\"wp-caption-text\">\u00c1ngel Guardiola G\u00f3mez (Murcia - Espa\u00f1a)<\/p><\/div>\n<p>&nbsp;<\/p>\n<p>Nac\u00ed en 1964. Parece una buena manera de empezar mi ficha t\u00e9cnica ya que la mayor\u00eda de semblanzas comienzan con ese dato, pero en mi caso el uso de este recurso no es m\u00e1s que una coincidencia. Mi vida est\u00e1 llena de coincidencias. Para empezar, no tengo muy claro si no nacer\u00eda in extremis, gracias a que fue en 1964 cuando el Papa Pablo VI conden\u00f3 por primera vez la p\u00edldora anticonceptiva. S\u00ed, 1964, el a\u00f1o del m\u00edtico gol de Marcelino a La Ara\u00f1a Negra, al que algunos consideran el mejor portero de la historia, fue tambi\u00e9n el del nacimiento del peor jugador de f\u00fatbol de todos los tiempos (o al menos eso asegurar\u00edan a\u00f1os despu\u00e9s mis compa\u00f1eros de juegos). Fue el a\u00f1o en que se rod\u00f3 \u201cMyFair Lady\u201d, de cuya deliciosa Eliza Doolittle me enamor\u00e9 plat\u00f3nicamente durante mi adolescencia, cuando vi por primera vez esta pel\u00edcula. Desde entonces, no puedo sacarme de la cabeza la melod\u00eda de \u201cI couldhavedancedallnight\u201d, lo que no deja de ser curioso puesto que siempre he sido un negado en el ejercicio del arte de Terps\u00edcore.Audrey Hepburn es adem\u00e1s uno de los \u00eddolos de mi hija Patricia, que naci\u00f3 en 1994 (si le dais la vuelta al segundo nueve ver\u00e9is el a\u00f1o que aparece). En 1964 se rod\u00f3 \u201cPor un Pu\u00f1ado de D\u00f3lares\u201d, uno de mis spaguetti western favoritos, el que lanz\u00f3 a la fama a Clint Eastwood, otro de mis directores predilectos. Siempre me he preguntado que habr\u00eda sido de Sergio Leone si hubiera sido consciente de que estaba rodando tan cerca de mi fecha y lugar de nacimiento. Por cierto, que la primera vez en mi vida que pis\u00e9 un cine pasaban \u201cTengo 17 a\u00f1os\u201d con Roc\u00edo Durcal. \u00bfAdivinan en qu\u00e9 a\u00f1o se film\u00f3? El mismo en que naci\u00f3 Miguel Indurain, cuyos pasos tampoco pude seguir (para desgracia de mi padre, que fue en su juventud el primer ciclista profesional de Murcia) porque, como ya se apunt\u00f3, nunca he sido muy bueno en ning\u00fan deporte.<br \/>\nOtros que coincidieron en mi a\u00f1o de nacimiento fueron Mafalda, KeanuReeves, MonicaBelluci, Elle Macpherson, JulietteBinoche, Sandra Bullock, NicolasCage, LennyKravitz, Rocco Sifredi, Michelle Obama, RusellCrowe, Jorge Drexler, CalistaFlockhart o Clive Owen; reconozco que, salvo en la edad, con ellos no coincido casi en nada, pero no me importar\u00eda compartir algo de su arte, su poder, su belleza, su fama, su riqueza, su simpat\u00eda, su inocencia y, \u00bfpara qu\u00e9 negarlo?, parte de sus atributos. Tambi\u00e9n es verdad que en ese a\u00f1o fallecieron algunas personalidades: el guapoAlan Ladd, Pablo I de Grecia, el feo pero buen\u00edsimo actor de mirada imposible Peter Lorre, el general MacArthur (de ese viaje ya no pudo volver), Rachel Carson (\u00a1qu\u00e9 silenciosa qued\u00f3 la primavera ese a\u00f1o!), Wenceslao Fern\u00e1ndez Fl\u00f3rez (ese magn\u00edfico escritor tan parecido a Ben Kingsley), Harpo Marx (mi mudo favorito, con el que me hubiera gustado mantener largas conversaciones) y Cole Porter con toda su retah\u00edla de canciones romanticonas. Creo que mi natalicio nada tuvo que ver con estas desapariciones, aunque, la verdad, era tan peque\u00f1o entonces y mi memoria es tan corta ahora que no podr\u00eda asegurarlo cien por cien.<br \/>\nNo quiero extenderme mucho m\u00e1s. S\u00f3lo recordaros que en 1964 robaron la cabeza de La Sirenita en Copenhague, y dado que este a\u00f1o me he permitido robar los pies de Cenicienta, a riesgo de seguir siendo un poco iconoclasta, aquel suceso me acaba de dar una idea para mi participaci\u00f3n en el certamen del a\u00f1o que viene, al que, si nadie hace algo por evitarlo, me volver\u00e9 a presentar. Quien quiera conocer m\u00e1s detalles sobre mi persona, se los dar\u00e9 gustoso el d\u00eda de la entrega de premios, a la que no dud\u00e9is que asistir\u00e9. Yo no rechazar\u00e9 este galard\u00f3n como hizo Jean Paul Sartre cuando le concedieron el Nobel de Literatura. En 1964.<\/p>\n<p>.<\/p>\n<p>.<\/p>\n<p>.<\/p>\n<p style=\"text-align: center;\"><span style=\"color: #993366;\">***************************************<\/span><\/p>\n<p style=\"text-align: left;\">Es importante que revise todas las p\u00e1ginas disponibles en esta web, ya que contienen toda la informaci\u00f3n necesaria para participar, sobre todo las Bases, la informaci\u00f3n del jurado y patrocinadores, as\u00ed como las fechas de convocatoria y plazos.<\/p>\n<p style=\"text-align: left;\">Todos los\u00a0relatos \u00a0y noticias pueden recibir comentarios de los lectores o participantes, estos ser\u00e1n moderados por el administrador, pero pedimos de antemano que sean respetuosos con las obras presentadas, que intenten ce\u00f1irse al texto (no al autor) y, tanto si los comentarios son favorables como si no, se mantengan en una l\u00ednea de correcci\u00f3n que permita un di\u00e1logo fluido y enriquecedor.<\/p>\n<p>Una vez finalizado el plazo de presentaci\u00f3n de los relatos, el\u00a0\u00a0\u2013\u00a0de\u00a0julio del 2011, se podr\u00e1n votar para elegir el relato ganador del PREMIO DEL P\u00daBLICO a trav\u00e9s de\u00a0diez estrellas que aparecer\u00e1n debajo de cada poema.<\/p>\n<p>El proceso y las normas \u00a0de votaci\u00f3n se anunciar\u00e1\u00a0 una vez finalizado el plazo de entrega de originales. Este premio del p\u00fablico, no tiene nada que ver con los tres ganadores del certamen que ser\u00e1n elegidos por un jurado cualificado.<\/p>\n<p>Tambi\u00e9n pedimos a los votantes respeto en las votaciones, s\u00f3lo se puede votar a cada relato una vez, tal como permite el sistema. Nuestros t\u00e9cnicos tienen suficiente experiencia para detectar votaciones fraudulentas en muchos aspectos y no se dar\u00e1 ninguna explicaci\u00f3n a este respecto cuando haya que descalificar alg\u00fan relato. Los\u00a0relatos \u00a0descalificados\u00a0 dejar\u00e1n de tener visibles las estrellas para poder votar.<\/p>\n<p>Gracias por visitarnos y participar. Esperamos que sea una grata experiencia para todos.<\/p>\n","protected":false},"excerpt":{"rendered":"<p>Los ganadores ex ecuo de este Premio especial que otorgan los lectores y concursantes del certamen de esta octava edici\u00f3n 2011 \u00a0son : Rafael Borr\u00e0s Avi\u00f1o 15- Bengasi, mayo de 2011. Por Rafael &nbsp; Esta vez decid\u00ed llamarme \u201cRafael\u201d por fidelidad a mi madre, que fue quien me lo impuso [&hellip;]<\/p>\n","protected":false},"author":1,"featured_media":0,"parent":0,"menu_order":5,"comment_status":"closed","ping_status":"closed","template":"","meta":{"footnotes":""},"class_list":["post-22","page","type-page","status-publish","hentry"],"amp_enabled":true,"_links":{"self":[{"href":"https:\/\/www.canal-literatura.es\/8certamen\/wp-json\/wp\/v2\/pages\/22","targetHints":{"allow":["GET"]}}],"collection":[{"href":"https:\/\/www.canal-literatura.es\/8certamen\/wp-json\/wp\/v2\/pages"}],"about":[{"href":"https:\/\/www.canal-literatura.es\/8certamen\/wp-json\/wp\/v2\/types\/page"}],"author":[{"embeddable":true,"href":"https:\/\/www.canal-literatura.es\/8certamen\/wp-json\/wp\/v2\/users\/1"}],"replies":[{"embeddable":true,"href":"https:\/\/www.canal-literatura.es\/8certamen\/wp-json\/wp\/v2\/comments?post=22"}],"version-history":[{"count":23,"href":"https:\/\/www.canal-literatura.es\/8certamen\/wp-json\/wp\/v2\/pages\/22\/revisions"}],"predecessor-version":[{"id":1489,"href":"https:\/\/www.canal-literatura.es\/8certamen\/wp-json\/wp\/v2\/pages\/22\/revisions\/1489"}],"wp:attachment":[{"href":"https:\/\/www.canal-literatura.es\/8certamen\/wp-json\/wp\/v2\/media?parent=22"}],"curies":[{"name":"wp","href":"https:\/\/api.w.org\/{rel}","templated":true}]}}

Premio del público &#8211; Ganadores

<div>Los ganadores ex ecuo de este Premio especial que otorgan los lectores y concursantes del certamen de esta octava edición 2011  son :</div>
<h2 style="text-align: center;"><strong>Rafael Borràs Aviño</strong></h2>
<p style="text-align: center;"><strong><a title="Permanent Link to 15- Bengasi, mayo de 2011. Por Rafael" rel="bookmark" href="https://www.canal-literatura.es/8certamen/?p=243">15- Bengasi, mayo de 2011. Por Rafael </a></strong></p>
<div style="width: 210px" class="wp-caption aligncenter"><img loading="lazy" decoding="async" title="Rafael Borrás Aviño " src="https://www.canal-literatura.es/8certamen/finalistas/RafaelBorras.jpg" alt="Rafael Borrás Aviño " width="200" height="200" /><p class="wp-caption-text">Rafael Borrás Aviño (Valencia - España)</p></div>
<p style="text-align: center;">&nbsp;</p>
<p style="text-align: left;">Esta vez decidí llamarme “Rafael” por fidelidad a mi madre, que fue quien me lo impuso después de darle yo la noche. El año pasado me tachó de excéntrico cuando supo de mi seudónimo: “Luc”. Le sonaba a perro de lanas. A desvarío estrafalario.<br />
Porque “Rafael” y “Luc” somos el mismo, como alguien ha intuido (quien no quiera dejar rastros que ni hable ni escriba ni salga de casa). El mismo “Luc” del que hay colgada una <a href="http://www.canal-literatura.es/Cosas_nuestras/LUC-RafaelBorras.html" target="_blank">entrevista como tertuliano destacado del 2010</a>. Así que no quiero repetirme aquí; muchas cosas dije entonces y todas aún vigentes. Sigo viviendo gracias a la profesión de boticario, en el mismo lugar y con la misma familia, casado y padre de tres hijos.<br />
Envío textos a certámenes desde hace poco y he ganado alguno. Celebré especialmente el de guiones de teatro radiofónico en valenciano, convocado por la cadena pública RTVV. Fui finalista en algún otro y pasé sin ruido por la mayoría. Mi primera novela, todavía a medio cocer, espera paciente un futuro con menos responsabilidades. El día de la foto, este mismo mes de septiembre, se cumplieron sesenta veranos desde que nací en Manises (Valencia). La del año pasado proviene de mi otra peripecia altruista, el ciclismo, y me la sacaron el 2009 en la cima del Tourmalet. El rato diario de pedaleo es, entre otras cosas, una fértil matriz de gestar y madurar ideas para escribir. Horas tranquilas, pacíficas: el súmmum del tiempo propio.<br />
“Bengasi,…” ha sido el tercer relato para Canal-Literatura y el primero de corte rocoso. Mi formación es científica, pero mantengo la rutina tenaz de leer y escribir literatura. Ambas tareas me provocan una satisfacción armónica y noble, y, además, para mí son magia pura, antídotos certeros contra los venenos y penalidades de una sociedad bastante desnortada. Así que no será el último.<br />
Repito la enhorabuena a los organizadores; una abnegación de rango colosal. Gracias, siempre, a ellos y a mis compañeros de la dorada tribu de la Letra Escrita.</p>
<p style="text-align: left;">&nbsp;</p>
<h2 style="text-align: center;"><strong>Ángel Guardiola Gómez</strong></h2>
<p style="text-align: center;"><a title="Permanent Link to 175- El Secreto de Mademoiselle. Por Ambrose Bierce" rel="bookmark" href="https://www.canal-literatura.es/8certamen/?p=1162">175- El Secreto de Mademoiselle. Por Ambrose Bierce </a></p>
<h2 class="mceTemp mceIEcenter"></h2>
<div style="width: 211px" class="wp-caption aligncenter"><img loading="lazy" decoding="async" title="Ángel Guardiola Gómez" src="https://www.canal-literatura.es/8certamen/finalistas/AngelGuardiola.jpg" alt="Ángel Guardiola Gómez" width="201" height="200" /><p class="wp-caption-text">Ángel Guardiola Gómez (Murcia - España)</p></div>
<p>&nbsp;</p>
<p>Nací en 1964. Parece una buena manera de empezar mi ficha técnica ya que la mayoría de semblanzas comienzan con ese dato, pero en mi caso el uso de este recurso no es más que una coincidencia. Mi vida está llena de coincidencias. Para empezar, no tengo muy claro si no nacería in extremis, gracias a que fue en 1964 cuando el Papa Pablo VI condenó por primera vez la píldora anticonceptiva. Sí, 1964, el año del mítico gol de Marcelino a La Araña Negra, al que algunos consideran el mejor portero de la historia, fue también el del nacimiento del peor jugador de fútbol de todos los tiempos (o al menos eso asegurarían años después mis compañeros de juegos). Fue el año en que se rodó “MyFair Lady”, de cuya deliciosa Eliza Doolittle me enamoré platónicamente durante mi adolescencia, cuando vi por primera vez esta película. Desde entonces, no puedo sacarme de la cabeza la melodía de “I couldhavedancedallnight”, lo que no deja de ser curioso puesto que siempre he sido un negado en el ejercicio del arte de Terpsícore.Audrey Hepburn es además uno de los ídolos de mi hija Patricia, que nació en 1994 (si le dais la vuelta al segundo nueve veréis el año que aparece). En 1964 se rodó “Por un Puñado de Dólares”, uno de mis spaguetti western favoritos, el que lanzó a la fama a Clint Eastwood, otro de mis directores predilectos. Siempre me he preguntado que habría sido de Sergio Leone si hubiera sido consciente de que estaba rodando tan cerca de mi fecha y lugar de nacimiento. Por cierto, que la primera vez en mi vida que pisé un cine pasaban “Tengo 17 años” con Rocío Durcal. ¿Adivinan en qué año se filmó? El mismo en que nació Miguel Indurain, cuyos pasos tampoco pude seguir (para desgracia de mi padre, que fue en su juventud el primer ciclista profesional de Murcia) porque, como ya se apuntó, nunca he sido muy bueno en ningún deporte.<br />
Otros que coincidieron en mi año de nacimiento fueron Mafalda, KeanuReeves, MonicaBelluci, Elle Macpherson, JulietteBinoche, Sandra Bullock, NicolasCage, LennyKravitz, Rocco Sifredi, Michelle Obama, RusellCrowe, Jorge Drexler, CalistaFlockhart o Clive Owen; reconozco que, salvo en la edad, con ellos no coincido casi en nada, pero no me importaría compartir algo de su arte, su poder, su belleza, su fama, su riqueza, su simpatía, su inocencia y, ¿para qué negarlo?, parte de sus atributos. También es verdad que en ese año fallecieron algunas personalidades: el guapoAlan Ladd, Pablo I de Grecia, el feo pero buenísimo actor de mirada imposible Peter Lorre, el general MacArthur (de ese viaje ya no pudo volver), Rachel Carson (¡qué silenciosa quedó la primavera ese año!), Wenceslao Fernández Flórez (ese magnífico escritor tan parecido a Ben Kingsley), Harpo Marx (mi mudo favorito, con el que me hubiera gustado mantener largas conversaciones) y Cole Porter con toda su retahíla de canciones romanticonas. Creo que mi natalicio nada tuvo que ver con estas desapariciones, aunque, la verdad, era tan pequeño entonces y mi memoria es tan corta ahora que no podría asegurarlo cien por cien.<br />
No quiero extenderme mucho más. Sólo recordaros que en 1964 robaron la cabeza de La Sirenita en Copenhague, y dado que este año me he permitido robar los pies de Cenicienta, a riesgo de seguir siendo un poco iconoclasta, aquel suceso me acaba de dar una idea para mi participación en el certamen del año que viene, al que, si nadie hace algo por evitarlo, me volveré a presentar. Quien quiera conocer más detalles sobre mi persona, se los daré gustoso el día de la entrega de premios, a la que no dudéis que asistiré. Yo no rechazaré este galardón como hizo Jean Paul Sartre cuando le concedieron el Nobel de Literatura. En 1964.</p>
<p>.</p>
<p>.</p>
<p>.</p>
<p style="text-align: center;"><span style="color: #993366;">***************************************</span></p>
<p style="text-align: left;">Es importante que revise todas las páginas disponibles en esta web, ya que contienen toda la información necesaria para participar, sobre todo las Bases, la información del jurado y patrocinadores, así como las fechas de convocatoria y plazos.</p>
<p style="text-align: left;">Todos los relatos  y noticias pueden recibir comentarios de los lectores o participantes, estos serán moderados por el administrador, pero pedimos de antemano que sean respetuosos con las obras presentadas, que intenten ceñirse al texto (no al autor) y, tanto si los comentarios son favorables como si no, se mantengan en una línea de corrección que permita un diálogo fluido y enriquecedor.</p>
<p>Una vez finalizado el plazo de presentación de los relatos, el  – de julio del 2011, se podrán votar para elegir el relato ganador del PREMIO DEL PÚBLICO a través de diez estrellas que aparecerán debajo de cada poema.</p>
<p>El proceso y las normas  de votación se anunciará  una vez finalizado el plazo de entrega de originales. Este premio del público, no tiene nada que ver con los tres ganadores del certamen que serán elegidos por un jurado cualificado.</p>
<p>También pedimos a los votantes respeto en las votaciones, sólo se puede votar a cada relato una vez, tal como permite el sistema. Nuestros técnicos tienen suficiente experiencia para detectar votaciones fraudulentas en muchos aspectos y no se dará ninguna explicación a este respecto cuando haya que descalificar algún relato. Los relatos  descalificados  dejarán de tener visibles las estrellas para poder votar.</p>
<p>Gracias por visitarnos y participar. Esperamos que sea una grata experiencia para todos.</p>

<p>Los ganadores ex ecuo de este Premio especial que otorgan los lectores y concursantes del certamen de esta octava edición 2011  son : Rafael Borràs Aviño 15- Bengasi, mayo de 2011. Por Rafael &nbsp; Esta vez decidí llamarme “Rafael” por fidelidad a mi madre, que fue quien me lo impuso [&hellip;]</p>
