{"id":10,"date":"2009-09-28T21:45:28","date_gmt":"2009-09-28T19:45:28","guid":{"rendered":"https:\/\/www.canal-literatura.es\/Apoesia5\/?page_id=10"},"modified":"2022-12-27T18:34:23","modified_gmt":"2022-12-27T17:34:23","slug":"informacion","status":"publish","type":"page","link":"https:\/\/www.canal-literatura.es\/Apoesia5\/informacion\/","title":{"rendered":"M\u00e1s informaci\u00f3n"},"content":{"rendered":"<h2 style=\"text-align: center;\"><span style=\"color: #339966;\">M\u00e1s informaci\u00f3n<\/span><\/h2>\n<p>Es importante que revise todas las p\u00e1ginas disponibles en esta web, ya que contienen toda la informaci\u00f3n necesaria para participar, sobre todo las <strong>Bases<\/strong>, la informaci\u00f3n del jurado y patrocinadores, as\u00ed como las fechas de convocatoria y plazos.<\/p>\n<p>Todos los poemas y noticias pueden recibir comentarios de los lectores o participantes, estos <strong>ser\u00e1n moderados<\/strong> por el administrador, pero pedimos de antemano que sean respetuosos con las obras presentadas y, tanto si los comentarios son favorables como si no, se mantengan en una l\u00ednea de correcci\u00f3n que permita un di\u00e1logo fluido y enriquecedor.<\/p>\n<p>Una vez finalizado el plazo de presentaci\u00f3n de los poemas, el\u00a01 de\u00a0diciembre del 2009, se podr\u00e1n votar para elegir el poema ganador del <strong>PREMIO DEL P\u00daBLICO<\/strong> a trav\u00e9s de\u00a0diez estrellas que aparecer\u00e1n debajo de cada poema. Pinchar en la\u00a0d\u00e9cima estrella es la m\u00e1xima cualificaci\u00f3n.<\/p>\n<p>El proceso y las normas \u00a0de votaci\u00f3n se anunciar\u00e1\u00a0 una vez finalizado el plazo de entrega de originales. Este premio del p\u00fablico, no tiene nada que ver con los tres ganadores del certamen que ser\u00e1n elegidos por un jurado cualificado.<\/p>\n<p>Tambi\u00e9n pedimos a los votantes respeto en las votaciones, s\u00f3lo se puede votar a cada poema una vez, tal como permite el sistema. Nuestros t\u00e9cnicos tienen suficiente experiencia para detectar votaciones fraudulentas en muchos aspectos y <strong>no se dar\u00e1 ninguna explicaci\u00f3n a este respecto cuando haya que descalificar alg\u00fan poema. Los poemas descalificados\u00a0 dejar\u00e1n de tener visible las estrellas para poder votar.<\/strong><\/p>\n<p>Si tiene otras consultas que realizar u otro tipo de comentarios generales, hay un apartado en el FORO NUEVO dedicado a este certamen. Deje all\u00ed sus consultas, pron\u00f3sticos u opiniones.<\/p>\n<p>Gracias por visitarnos y participar. Esperamos que sea una grata experiencia para todos.<\/p>\n","protected":false},"excerpt":{"rendered":"<p>M\u00e1s informaci\u00f3n Es importante que revise todas las p\u00e1ginas disponibles en esta web, ya que contienen toda la informaci\u00f3n necesaria para participar, sobre todo las Bases, la informaci\u00f3n del jurado y patrocinadores, as\u00ed como las fechas de convocatoria y plazos. Todos los poemas y noticias pueden recibir comentarios de los lectores o participantes, estos ser\u00e1n [&hellip;]<\/p>\n","protected":false},"author":1,"featured_media":0,"parent":0,"menu_order":3,"comment_status":"open","ping_status":"open","template":"","meta":[],"amp_enabled":true,"_links":{"self":[{"href":"https:\/\/www.canal-literatura.es\/Apoesia5\/wp-json\/wp\/v2\/pages\/10"}],"collection":[{"href":"https:\/\/www.canal-literatura.es\/Apoesia5\/wp-json\/wp\/v2\/pages"}],"about":[{"href":"https:\/\/www.canal-literatura.es\/Apoesia5\/wp-json\/wp\/v2\/types\/page"}],"author":[{"embeddable":true,"href":"https:\/\/www.canal-literatura.es\/Apoesia5\/wp-json\/wp\/v2\/users\/1"}],"replies":[{"embeddable":true,"href":"https:\/\/www.canal-literatura.es\/Apoesia5\/wp-json\/wp\/v2\/comments?post=10"}],"version-history":[{"count":0,"href":"https:\/\/www.canal-literatura.es\/Apoesia5\/wp-json\/wp\/v2\/pages\/10\/revisions"}],"wp:attachment":[{"href":"https:\/\/www.canal-literatura.es\/Apoesia5\/wp-json\/wp\/v2\/media?parent=10"}],"curies":[{"name":"wp","href":"https:\/\/api.w.org\/{rel}","templated":true}]}}